hundreds digit of g(18)?
3
Let m be (3/(-3))/((-9)/(-9)). Let a be (-9 - -11) + (m - 80). Let c = 121 + a. What is the units digit of c?
2
Let h = -53 + 53. Let d be (-1 + h)/((-1)/415). Suppose -5*j - d = -10*j. What is the tens digit of j?
8
Suppose -54 = -4*g + 22. Let c = 35 - g. Let z = c + 11. What is the units digit of z?
7
Suppose -n + 17911 = -4*m, -6*m = 2*n - 4*m - 35832. What is the tens digit of (n/25 - 1) + 15/(-25)?
1
Suppose 27*y = -186*y - 218473 + 8244100. What is the tens digit of y?
7
Suppose -10*h + 140 = -90. Suppose h*w - 68*w = -11565. What is the hundreds digit of w?
2
Suppose 4*y + 4*y = -16. What is the tens digit of ((-10816)/(-16))/(0 - y)?
3
Let t be (-17505)/(4 - -5) - 7. Let w = t - -3352. What is the units digit of w?
0
Let l = -93 + 101. Suppose -l*g = -10*g. What is the units digit of g + 418/4 - 50/(-100)?
5
Suppose -y + 5*m + 31382 = 0, 4*y - 3*m - 125490 = -2*m. What is the hundreds digit of y?
3
Suppose 4*q - 1 = -2*g - 3, 2*g = 5*q + 16. Suppose -210 = -5*p + 5*d, 53 + 65 = g*p - d. What is the tens digit of p?
3
Let h(q) = -93*q + 31. Let n(v) = -92*v + 32. Let r(d) = 3*h(d) - 4*n(d). Let k be r(5). Let l = -288 + k. What is the units digit of l?
2
Let q(t) = -124*t + 979. What is the units digit of q(-93)?
1
Suppose 0 = -2*q - 0*k + 4*k - 8, 2*q + 8 = -5*k. What is the hundreds digit of 76553/259 - q/(-7)?
2
Let r(f) = 28*f**2 - 255*f - 67. What is the tens digit of r(43)?
4
Let x = 12 - 7. Let w(j) = 3*j**2 - 56*j - 6. Let v be w(20). Let f = x + v. What is the tens digit of f?
7
Let b = 78 + -84. Let s be -1 - (3 + b - 62). What is the tens digit of 13752/s - (-3)/24?
1
Let j = 79 - 74. Let m(l) = -246*l**3 + 2*l**2 + 3*l. Let p be m(-1). Suppose -t + 20 = 3*s - 40, 4*s - p = -j*t. What is the units digit of t?
5
Let u be -1*2 - (-156 - 4). Let x = u + -363. Let g = x + 297. What is the units digit of g?
2
Let z be -1 + 0/(-1) + (-575)/(-5). Suppose 0 = -2*p + 3*p - 3*f - 90, -p + f = -86. Let u = z - p. What is the units digit of u?
0
What is the hundreds digit of (0 + (-20)/(-70))*7/(-4)*-14394?
1
Let q(t) be the second derivative of -7/6*t**3 + t**2 + 1/3*t**4 + 1/20*t**5 - 13*t + 0. What is the units digit of q(-4)?
0
Let o(y) be the third derivative of -23*y**6/120 - y**5/60 - y**4/24 + y**2. Let w be o(-1). What is the units digit of w*(10 + -4) + -1 + 3?
0
Let y = 99004 + -59834. What is the ten thousands digit of y?
3
What is the hundreds digit of 24*13/(-26) + 10735?
7
Let z(t) = 5*t**3 - 11*t**2 + 30*t - 41. What is the hundreds digit of z(22)?
5
Let l(x) = 9*x**2 - 14*x + 26. Let b(s) = 47*s**2 - 71*s + 131. Let o(z) = -2*b(z) + 11*l(z). What is the hundreds digit of o(6)?
1
Let t(q) = -47*q - 12. Let x be t(-20). Suppose -3*d - 4*n + 707 = 0, -6*d + 2*d = -2*n - x. Let k = -121 + d. What is the units digit of k?
2
Suppose -4*m + 28 = 4*y, m = -y - 4*m + 19. Suppose -n - y = 0, 4*x - n - n = 56. What is the tens digit of x/15 + 824/20?
4
Let z(q) = q**2 + 13*q + 28. Let m be z(-14). Let r = m - 40. Suppose 0 = -l + 2*o + 17, -r*l + o - 2*o = -34. What is the tens digit of l?
1
Let l = 2739 + 5807. What is the hundreds digit of l?
5
Let z(h) = -h**2 + 24*h - 65. Let q = -66 - -85. What is the units digit of z(q)?
0
Suppose -4*s + 5*b + 54563 = 13370, 3*s = 4*b + 30896. What is the thousands digit of s?
0
Let j be (-38802)/(-33) - (-4)/22. Suppose 368 - j = -4*g. What is the tens digit of g?
0
Let n be (-175)/75 - (-4)/3. Suppose -3*m = 9, -2*h = 3*m + 18 + 3. What is the tens digit of (-3)/n - (-13 - h)?
1
What is the thousands digit of ((57148/21)/(-13))/(((-55)/30)/11)?
1
What is the hundreds digit of 4/((-8)/(-68901)) + 58/116?
4
Let m(d) = d**2 - 2. Let l be m(-2). Suppose -4*w = -l*w - 4. Suppose 3*f = w*q - 365, -893 = -5*q - 3*f + 4*f. What is the units digit of q?
8
Let f(u) = 12*u + 3. Let c = 43 - 43. Suppose c = 3*m - 3 - 0. What is the units digit of f(m)?
5
Let o be 10/15*((-487956)/8)/(-7). Suppose 5*g - 2*a - o = 0, 3*g + 2*g = -3*a + 5824. What is the units digit of g?
3
Let h = 379 - 344. Suppose -h*d + 46*d = 11077. What is the thousands digit of d?
1
Suppose -7*r + 2*r + 1590 = 0. Suppose 6*k + 252 = -r. Let j = k - -108. What is the units digit of j?
3
Let w = -335 + 338. Suppose -26*j - 4*i = -30*j + 272, w*j - 209 = 4*i. What is the units digit of j?
3
Suppose -17 + 26 = j. Suppose 0 = 2*u - j*u + 42. Suppose 5*l = -4*k + 126, 0 = 5*l + u + 4. What is the tens digit of k?
3
Let y = 16324 - 7132. What is the units digit of y?
2
Let c(i) = 34*i**3 - 18*i**2 + 43*i. What is the hundreds digit of c(7)?
0
Let c be -2 + (4 - 3) + -3. Let l be (3 + 55/(-10))*c. What is the units digit of 2/l + 2241/45?
0
Let k(u) = u**3 - 24*u**2 - 102*u - 3. What is the units digit of k(35)?
2
Let h(r) be the first derivative of -25*r**2/2 + 63*r + 79. What is the hundreds digit of h(-15)?
4
Let l be -1 + 11 - (5 - 5). Suppose l*h - 3*h + 336 = 0. Let j = 104 + h. What is the units digit of j?
6
Suppose 3*i = -4*y + 4278, -4*y + i = -3*y - 1073. What is the hundreds digit of y?
0
Suppose -m + 2*m = 5, 0 = 3*p + 4*m + 91. Let j = 1061 + p. What is the units digit of j?
4
Let i(x) = -2*x**3 - 11*x**2 + 34. Let p = 181 + -189. What is the tens digit of i(p)?
5
Let u(r) = r + 15. Let x be u(-20). Let p be ((-16)/(-80) - 9/x) + -3. What is the units digit of p/((-75)/284 + (-3)/(-12))?
1
Let b(d) = 6*d**2 + 19*d + 70. What is the tens digit of b(-16)?
0
Suppose 20*v - 604736 = -16*v - 28*v. What is the tens digit of v?
4
Let z(w) = 659*w**2 - 241*w - 710. What is the tens digit of z(-3)?
4
Suppose 172678 = 40*r - 93082. What is the thousands digit of r?
6
Suppose 5*t + q = 1359, 3*t - 821 = -0*t + 5*q. What is the tens digit of (-5)/(-15)*(2 + t + -1)?
9
Let x = 133 - 120. Let t(v) = 25*v - 161. What is the units digit of t(x)?
4
Let p(y) = 1184*y**2 + 816*y - 4103. What is the tens digit of p(5)?
7
What is the units digit of (-69968)/(-10) + 76/(-95)?
6
Suppose -2*p + 22083 = 120*v - 123*v, 44158 = 4*p + 2*v. What is the hundreds digit of p?
0
Let t = -91 + 316. Let g = t - 134. Suppose 2*r - 58 = 4*x, g = 4*r - 0*x - 3*x. What is the tens digit of r?
1
Suppose 0 = -r - 712 + 19080. What is the thousands digit of r?
8
Suppose -7*j - 17 - 18 = 0. Let z be j/10*0 + (-429)/3. Let x = 348 + z. What is the tens digit of x?
0
Let d(f) = 3*f**2 + 10*f - 1. Suppose 9*w + 108 = -18. Let q be d(w). Suppose 0 = -11*l + 2163 - q. What is the units digit of l?
6
Suppose 16*d + 55 - 263 = 0. Suppose d*l = 1174 - 355. What is the units digit of l?
3
Let l(y) = 40*y**3 + 7*y**2 - 10*y + 24. What is the hundreds digit of l(4)?
6
Let y(p) = 174*p + 22. Let t be y(5). Let s = t + -275. What is the tens digit of s?
1
Let j(y) = y - 11. Let n be (-84)/3*7/(-14). Let t be j(n). Suppose -3*m + 5*u + 307 = 0, 74 = -5*m - t*u + 597. What is the units digit of m?
4
Let p(f) be the first derivative of -5 + 17*f + 1/4*f**4 - 14/3*f**3 + 15/2*f**2. What is the units digit of p(13)?
3
Suppose 23*s - 3868 = 5838. Suppose 5*m = 913 + s. What is the tens digit of m?
6
Suppose -2*b - 3*p + 6727 = -0*p, -5*p = 3*b - 10091. What is the tens digit of b?
6
Suppose -4 = -2*b, -144*s + 139*s + 104053 = 4*b. What is the thousands digit of s?
0
Let o = -16 - -18. Suppose -947 - 187 = -o*x. What is the hundreds digit of x?
5
Let d be 13/4 - 1/4. Let y = 2327 + -2066. Suppose -2*z + 49 = t, -2*z = -4*t + d*z + y. What is the units digit of t?
9
Suppose 0 = 5*n - 55 + 10. Suppose -8*c + n*c = 5. Suppose 3 = 8*p - c*p. What is the units digit of p?
1
Suppose 32*v - 76 - 20 = 0. Suppose -426 = -v*a + a. What is the tens digit of a?
1
Suppose -8*r = -1038 + 6846. Let w = 1827 + r. What is the units digit of w?
1
Let c(i) = i**2 - 11*i + 14. Let z be c(15). Let l = z - 2. What is the units digit of l/6 + (-16)/(-4)?
6
Suppose 0 = -4*m - 4*z + 8 + 56, -z = 4*m - 61. What is the units digit of (8/6)/(-1)*(-564 - m)?
2
Suppose -16*p = 33 + 63. Let t(l) = -3*l - 2*l - 35 + 9. What is the units digit of t(p)?
4
Suppose 3*k - 11*g - 55883 = -15*g, -8 = -g. What is the tens digit of k?
1
Suppose -4*z - 4*i + 3*i + 136672 = 0, -5*i = z - 34130. What is the ten thousands digit of z?
3
Let z(d) = 13*d**2 - 8*d + 22. Let u = -256 + 261. What is the 